15
Let s = -35 - -44. Suppose s*t + 7*t = 64. Let h(d) = -2*d**2 + 3*d - 2. What is h(t)?
-22
Let d = -1 - -6. Suppose 1 = 2*f - d. Let b(n) be the first derivative of n**4/4 - 2*n**3/3 - n**2 + n + 28. Give b(f).
4
Let w be (2 - 4)/((-6)/9). Let k(d) = -235*d**w - d + 237*d**3 + d - d**2. Give k(-1).
-3
Let d(g) = g**2 - 6*g + 2. Let k(x) = -x**2 - 24*x - 39. Let a = 150 - 172. Let y be k(a). Calculate d(y).
-3
Let y = 72 - 29. Let o(p) = 33 - y - p + 0*p. Suppose 2*k + 16 = -3*h - h, -3*k + 12 = -3*h. Calculate o(k).
-10
Suppose 4*b - 2*n - 70 = 0, -6*b + 5*n = -3*b - 56. Let z = b + -18. Let c(y) = -3*y**2. Give c(z).
-3
Let o = -7 + 11. Suppose -t + o*i + 37 = 0, -i - 6 = 2*i. Let k = t + -33. Let b(z) = z + 3. Calculate b(k).
-1
Let a(s) be the first derivative of s**3/3 - 4*s**2 - 2*s + 99. Determine a(4).
-18
Let f(v) = -1 - 4*v**2 + 0 - 41*v**2. Determine f(-1).
-46
Let m = -288 + 293. Let h(x) = 3*x - 3. Calculate h(m).
12
Let y(d) = d - 4. Let r(w) be the second derivative of -1/6*w**3 + 0 + w + 1/2*w**2. Let u(h) = -2*r(h) - y(h). Calculate u(-1).
1
Let z(g) = g**3 - 9*g**2 - 23*g + 12. Let k = -1847 + 1858. Determine z(k).
1
Let q = -14 + 3. Let w = -6 - q. Let h(r) = 6 + r + 0 - 2*r. What is h(w)?
1
Suppose t = -3*t + 12. Let g(a) = -2*a**2 + a**t + 378 - 378 + a. Give g(3).
12
Let y(g) be the third derivative of g**6/720 - 13*g**5/120 - 5*g**4/24 + 3*g**2. Let f(a) be the second derivative of y(a). Calculate f(7).
-6
Suppose -3*v + 3 = 3*g, -5*g + 4 = -g - v. Let f be (g/(-2))/(-1 + 26/24). Let n(b) = 2*b + 4. What is n(f)?
-8
Let w(f) = -2*f**3 + 15*f**2 + 28*f - 12. Let l be w(9). Let v(b) = -2*b**2 - 2*b - 3. Determine v(l).
-15
Let o = -854 - -856. Let f(g) be the second derivative of 1/2*g**2 - 1/4*g**4 - 2*g + 0 + 1/6*g**3. Give f(o).
-9
Suppose -3*d + 12 = 6*h, -11*d = -5*h - 8*d + 10. Let l(y) = -y**2 + 4*y - 7. Give l(h).
-3
Let t(r) = -12*r**3 + 2*r**2 - 1. Suppose 2*x - 21 = 4*k - 17, 0 = 2*k - 3*x + 2. Determine t(k).
13
Let i(a) = 23488 + 23496 - 46964 + 3*a + a**2 + 7*a + 11*a. Give i(-19).
-18
Let w(l) = 2*l + 50. Let r(i) = -i**3 - i**2 + 4*i - 1. Let y be r(3). Calculate w(y).
0
Let a(w) = -w - 20. Suppose -38*r = 913 - 305. Calculate a(r).
-4
Let i(a) = a**3 + 13*a**2 + 14*a + 23. Let g be i(-12). Let w(q) = -2*q**3. Calculate w(g).
2
Let x(b) = b**2 - 1. Let k(a) be the third derivative of -a**5/10 + a**4/4 + 5*a**3/2 + 11*a**2. Let h(o) = k(o) + 5*x(o). Calculate h(7).
3
Suppose 0 = 252*w - 242*w - 100. Let j(f) = -2*f**2 + 24*f - 35. Give j(w).
5
Let r(w) = -4*w**2 + 1 + 2*w - w**2 - 6*w - 7. Let i(j) = j**2 + j + 1. Let b(x) = -11*i(x) - 2*r(x). Calculate b(-4).
-3
Let r(m) = 3*m - 24. Suppose 4 + 6 = v. What is r(v)?
6
Let b(p) = 5*p**3 + 8*p**2 - 14*p + 15. Let q(y) = -6*y**3 - 8*y**2 + 15*y - 16. Let n(a) = -7*b(a) - 6*q(a). What is n(7)?
-2
Let n(r) = 5390*r**2 - 5*r - 8 - r**3 - r - 5383*r**2. Suppose 0 = -0*v - 2*v + 4*m + 8, v - 4*m = 2. Give n(v).
-8
Let q(v) = v**3 - 7*v**2 + 5*v + 7. Let z = 30 - 24. What is q(z)?
1
Let h(x) = -x**2 + 4*x - 4. Suppose 6*o - 11 = 1. Suppose -w = -5*n - 14, -3*n - o*n + 6 = 4*w. What is h(w)?
-4
Let f be ((-5)/1 - -3)/((-4)/6). Let z(p) = 3*p + 6. Let q(v) = 3*v + 6. Let m(d) = f*z(d) - 4*q(d). What is m(-4)?
6
Let o be 55/35 + (-21)/(-49). Let d(c) = c**2 + c. Let j(g) = -2*g**2 + g**3 + 0 - 3*g**2 - 2. Let z(t) = -2*d(t) - j(t). What is z(o)?
2
Let v(c) = -26*c**2 - 5*c + 12. Let d(r) = -31*r**2 - 4*r + 14. Let l(i) = -5*d(i) + 6*v(i). What is l(-9)?
11
Let r be 6/(-2 + (-13)/(-8)). Let o be 1/(3/r)*3. Let d = o + 13. Let s(x) = x**3 + 3*x**2 + 3*x + 4. What is s(d)?
-5
Suppose 5*s - 2 = 3*s. Let r(w) = -w**3 + 2*w**2 + 2*w + 3. Let q(g) = -3*g**3 + 6*g**2 + 5*g + 8. Let z(f) = -3*q(f) + 8*r(f). Give z(s).
0
Let f(s) = s**3 + 7*s**2 + 6*s + 3. Let v be f(-6). Suppose d - 2*j + v + 4 = 0, -3*d + 3 = 2*j. Let c be (-1)/((-4)/6 - d). Let b(w) = -w - 2. Determine b(c).
1
Let k(l) = -5*l + 50. Let c = -2306 + 2317. Determine k(c).
-5
Let d = -630 + 629. Let z(q) = 5*q**2 - q - 1. Calculate z(d).
5
Suppose -27 = -4*k - 11. Let z(x) = x**3 + 2*x**2 + k*x - 4*x**3 + 1 + 2*x**3. Calculate z(3).
4
Let p(l) = -4*l + 2. Suppose -6 = -h + 9. Let d = h + -5. Let b = d + -12. Calculate p(b).
10
Let d be (-15)/9 - (-6)/9. Let m(f) = 2*f - 2 + 4581*f**3 + 3 - 4610*f**3. Give m(d).
28
Let p be (-375)/18 + 10 - (-2)/(-12). Let a(l) = 3*l + 31. Calculate a(p).
-2
Let x = -526 - -528. Let s(o) = 2*o**3 - 3*o**2. Calculate s(x).
4
Let w(r) = -4*r**2 - 4*r + 4. Let g(x) = 7*x**2 + 7*x - 7. Let t(l) = 3*g(l) + 5*w(l). Let f(b) = 3*b**2 + 4*b + 4. Let p(k) = -f(k) + 2*t(k). Determine p(-4).
-14
Let q(p) = 0*p**2 - 2*p + 3*p**2 + 2*p**2 - p**2 - 3 + 0*p**2. Give q(3).
27
Let v(h) be the second derivative of 0 + 2*h**2 + 1/20*h**5 + 17*h + 0*h**4 + 0*h**3. Calculate v(0).
4
Let g(r) = -14*r + r - 2 + 8*r - r - 1 - 4*r**2 - r**3. Give g(-2).
1
Let r(h) = -h**3 - 8*h**2 + 9*h - 1. Let n(f) = -f**3 - 6*f**2 + 7*f - 9. Let a be n(-7). Let o be r(a). Let k(y) = -y**3 + 2*y**2 + 2*y + 1. Calculate k(o).
2
Let q(h) be the second derivative of h**5/20 - h**4/3 - h**3/6 + 11*h**2/2 + 234*h. Determine q(3).
-1
Let u be 1 + -4 - (-1)/1*6. Let o(k) = -6*k - u*k**2 + 2*k - 4*k + 3 + k**3. Determine o(5).
13
Let g(r) = -2*r**2 + 71*r + 46. Let l be g(36). Let s(k) = -k**3 + 11*k**2 - 16*k + 14. Calculate s(l).
-46
Let h(f) = f**3 + 6*f**2 + 4*f + 5. Let p be h(-5). Let z(l) = 30*l - 54*l + 12 + 14*l + l**2. What is z(p)?
12
Let v(z) be the third derivative of z**5/60 - z**4/4 - 7*z**3/6 + 42*z**2. Let b(j) = j**2 - 6*j - 7. Let a(l) = 5*b(l) - 6*v(l). Calculate a(7).
0
Let b = -84 - -139. Let k be 5/(b/68) - 30/165. Let l(r) = -r**3 + 7*r**2 - 8*r + 6. Give l(k).
-6
Let f be (0 + (-5)/(-2))*(-60)/75. Let m(x) = x**3 + 4*x**2 - 2*x - 3. Give m(f).
9
Let m be (-3 - -2)*0 - -6. Let u(d) = -2*d + 7*d**2 + 4 - 3*d - 2 - 6 - 2 - d**3. Calculate u(m).
0
Suppose 2*w = -8*w + 50. Suppose x = w*l + 11, -3*l - 13 + 5 = -2*x. Let m(z) = -7*z**2 - z + 1. Calculate m(x).
-7
Let l be ((-9)/4)/(60/400). Let v(w) = -w - 17. Calculate v(l).
-2
Let d(c) = -2*c - 2817 + 5584 - 2806. Calculate d(-23).
7
Let p = 80 + -45. Suppose d - 35 = -5*y - d, -2*y + p = 5*d. Suppose 2*i + 3*f - 8 = 0, -2*i + y*i + 2 = -f. Let o(b) = -3*b + 1. Determine o(i).
7
Let s(o) be the first derivative of -7/2*o**2 + 3*o - 1. Give s(3).
-18
Let m(z) = 2070*z**3 + 1 + z**2 + 2*z - 3*z - 2090*z**3. What is m(1)?
-19
Let f(r) = -r + 3. Let i be (3/2)/(3/4). Let y be -1 - (3 + -6 + i). Let o be f(y). Let w(q) = -q**3 + 2*q**2 + 5*q - 3. What is w(o)?
3
Let w = 167 + -175. Let g(j) = -j**2 - 8*j + 5. What is g(w)?
5
Let x be -3 - (-9)/((-9)/(-2)). Let m(t) = 24*t**2 - t + 5. Let q(o) = 25*o**2 - o + 6. Let u(i) = -6*m(i) + 5*q(i). Determine u(x).
-20
Let i(d) be the second derivative of d**5/20 + 7*d**4/12 - 19*d**3/6 - 7*d**2/2 - 2*d + 11. Give i(-9).
2
Let c(b) = -29*b - 10*b - 37*b + 1 + 108*b - 31*b. Let n(f) = f - 2. Suppose -6*o + o = 2*z + 10, 3*o + 22 = 2*z. Let w be n(z). Determine c(w).
4
Suppose 4*c - 84 = -4. Suppose -5*t + 5*u = c, 4*u - 2 = t - 1. Let r(q) be the first derivative of -q**4/4 - 2*q**3 - 5*q**2/2 + 4*q - 4. Calculate r(t).
4
Let m(n) be the third derivative of n**5/60 - 5*n**4/12 + 10*n**3/3 - 107*n**2. Calculate m(7).
-1
Let z(o) = -o**3 - o**2 + o. Let s(f) = 13 - 6 + 2*f + 0*f**3 + 2*f - 9*f**2 - 2*f**3. Let v(n) = s(n) - 3*z(n). Determine v(5).
-13
Suppose 0 = y + a + 1, -1 = 4*y - 2*a - 15. Let r(m) = m**2 + 2*m - 3 - 1 + 5 + 3*m**y. Suppose -100*o + 94*o = 6. Determine r(o).
3
Let u(o) = o - 1. Let s be u(13). Suppose m = 2*g + 5*m - s, -4*g + 2*m = -4. Let f(b) = 7 - b**3 + 5*b - 6 + 0 + 3*b**g. Determine f(4).
5
Let b be 2/((16/14)/4). Suppose 0 = 4*k - 4*o + b - 27, 23 = 5*k - 4*o. Let a(f) = 2*f**2 + 7*f**2 - k*f**2 - 5*f + 0*f**3 - f**3 + 3. What is a(3)?
15
Let a(o) = 1. Let j(k) = k - 13. Let t(n) = 5*a(n) + j(n). Let v(b) = 5*b - 33. Let z(g) = 9*t(g) - 2*v(g). Determine z(-6).
0
Let f(g) = -2*g. Let t(v) be the third derivative of v**3/6 + 3*v**2. Suppose -12 = -4*n + 12. Let r(u) = n*t(u) + f(u). What is r(6)?
-6
Let t(v) = v**2 + 4*v + 7. Let j(g) = 5*g**2 + 17*g + 29. Let d(n) = 2*j(n) - 9*t(n). Let u 